reds digit of 61488?
4
What is the ten thousands digit of 1706518?
0
What is the tens digit of 5911951?
5
What is the tens digit of 382256?
5
What is the tens digit of 232945?
4
What is the units digit of 178453?
3
What is the units digit of 98513?
3
What is the units digit of 4689646?
6
What is the hundreds digit of 8735678?
6
What is the hundreds digit of 480176?
1
What is the hundred thousands digit of 111047?
1
What is the millions digit of 2840532?
2
What is the hundreds digit of 190118?
1
What is the hundreds digit of 580967?
9
What is the thousands digit of 80857?
0
What is the thousands digit of 185532?
5
What is the hundreds digit of 24847955?
9
What is the hundreds digit of 39673?
6
What is the units digit of 8509671?
1
What is the hundreds digit of 2744067?
0
What is the hundreds digit of 28203?
2
What is the units digit of 10676354?
4
What is the thousands digit of 436006?
6
What is the ten millions digit of 33069906?
3
What is the thousands digit of 24998?
4
What is the units digit of 24167471?
1
What is the hundred thousands digit of 2105571?
1
What is the hundreds digit of 719753?
7
What is the hundreds digit of 278826?
8
What is the ten thousands digit of 1345029?
4
What is the thousands digit of 819107?
9
What is the millions digit of 20100031?
0
What is the tens digit of 1542999?
9
What is the ten thousands digit of 5278377?
7
What is the hundreds digit of 78935?
9
What is the thousands digit of 3717114?
7
What is the hundreds digit of 291798?
7
What is the hundreds digit of 3227996?
9
What is the hundreds digit of 7740409?
4
What is the thousands digit of 285338?
5
What is the units digit of 12035389?
9
What is the tens digit of 125123?
2
What is the thousands digit of 677542?
7
What is the thousands digit of 214740?
4
What is the tens digit of 34203?
0
What is the tens digit of 62529?
2
What is the hundreds digit of 986547?
5
What is the hundreds digit of 2826341?
3
What is the tens digit of 5624377?
7
What is the tens digit of 368368?
6
What is the thousands digit of 19855?
9
What is the hundred thousands digit of 5122811?
1
What is the tens digit of 1073064?
6
What is the hundred thousands digit of 1911223?
9
What is the units digit of 9456346?
6
What is the hundred thousands digit of 3145438?
1
What is the units digit of 18395310?
0
What is the hundreds digit of 12730?
7
What is the hundreds digit of 706398?
3
What is the tens digit of 295671?
7
What is the hundreds digit of 3645817?
8
What is the units digit of 102388?
8
What is the millions digit of 2520421?
2
What is the tens digit of 9233007?
0
What is the ten thousands digit of 3671698?
7
What is the thousands digit of 1842182?
2
What is the millions digit of 4730905?
4
What is the tens digit of 14361?
6
What is the hundreds digit of 11134104?
1
What is the ten thousands digit of 1693795?
9
What is the hundred thousands digit of 2180846?
1
What is the hundred thousands digit of 340919?
3
What is the units digit of 3194391?
1
What is the ten thousands digit of 17562673?
6
What is the ten thousands digit of 2230660?
3
What is the hundred thousands digit of 10919642?
9
What is the tens digit of 4842729?
2
What is the units digit of 55809?
9
What is the units digit of 182747?
7
What is the thousands digit of 22413889?
3
What is the units digit of 8223012?
2
What is the hundreds digit of 24411647?
6
What is the units digit of 1125821?
1
What is the hundreds digit of 3275880?
8
What is the tens digit of 260957?
5
What is the units digit of 760993?
3
What is the ten thousands digit of 3681638?
8
What is the hundred thousands digit of 18422647?
4
What is the thousands digit of 3654599?
4
What is the ten thousands digit of 416393?
1
What is the tens digit of 32643?
4
What is the hundred thousands digit of 804549?
8
What is the hundred thousands digit of 11699881?
6
What is the units digit of 7992459?
9
What is the tens digit of 141074?
7
What is the millions digit of 3976304?
3
What is the hundred thousands digit of 805626?
8
What is the hundred thousands digit of 9018545?
0
What is the ten millions digit of 36293015?
3
What is the thousands digit of 9196742?
6
What is the millions digit of 1465483?
1
What is the thousands digit of 917704?
7
What is the thousands digit of 2041411?
1
What is the ten thousands digit of 355096?
5
What is the hundred thousands digit of 2041733?
0
What is the units digit of 24176?
6
What is the thousands digit of 1064133?
4
What is the thousands digit of 22785554?
5
What is the ten thousands digit of 3507511?
0
What is the thousands digit of 1347683?
7
What is the units digit of 12736?
6
What is the millions digit of 2478092?
2
What is the tens digit of 415065?
6
What is the hundred thousands digit of 24866756?
8
What is the thousands digit of 1434296?
4
What is the millions digit of 4301707?
4
What is the hundred thousands digit of 4580038?
5
What is the ten millions digit of 13381721?
1
What is the millions digit of 10113261?
0
What is the millions digit of 5323459?
5
What is the hundreds digit of 227582?
5
What is the hundreds digit of 277093?
0
What is the units digit of 1226289?
9
What is the hundreds digit of 462696?
6
What is the ten millions digit of 10191170?
1
What is the tens digit of 5235725?
2
What is the units digit of 1777667?
7
What is the ten thousands digit of 27376523?
7
What is the hundred thousands digit of 19643997?
6
What is the ten thousands digit of 7721685?
2
What is the tens digit of 89954?
5
What is the units digit of 38216?
6
What is the millions digit of 10121394?
0
What is the hundred thousands digit of 17061087?
0
What is the hundred thousands digit of 632756?
6
What is the thousands digit of 390270?
0
What is the hundred thousands digit of 5526699?
5
What is the units digit of 358391?
1
What is the hundred thousands digit of 19724715?
7
What is the hundreds digit of 904914?
9
What is the tens digit of 300488?
8
What is the units digit of 4401109?
9
What is the hundred thousands digit of 8874091?
8
What is the hundred thousands digit of 31033869?
0
What is the tens digit of 22837699?
9
What is the ten thousands digit of 457352?
5
What is the tens digit of 1935276?
7
What is the thousands digit of 3033883?
3
What is the hundreds digit of 3059531?
5
What is the units digit of 587150?
0
What is the hundred thousands digit of 30859802?
8
What is the units digit of 83538?
8
What is the tens digit of 713785?
8
What is the units digit of 769459?
9
What is the hundreds digit of 4459366?
3
What is the thousands digit of 248210?
8
What is the millions digit of 2151148?
2
What is the hundreds digit of 369728?
7
What is the millions digit of 21411714?
1
What is the units digit of 2731806?
6
What is the tens digit of 74862?
6
What is the units digit of 407226?
6
What is the hundreds digit of 602329?
3
What is the hundred thousands digit of 500878?
5
What is the hundred thousands digit of 1799089?
7
What is the hundred thousands digit of 41125935?
1
What is the ten thousands digit of 1436684?
3
What is the hundreds digit of 3640325?
3
What is the tens digit of 2863988?
8
What is the millions digit of 14843057?
4
What is the ten thousands digit of 1395941?
9
What is the ten thousands digit of 738620?
3
What is the thousands digit of 99555?
9
What is the units digit of 371190?
0
What is the tens digit of 216324?
2
What is the hundreds digit of 1208624?
6
What is the hundreds digit of 636807?
8
What is the tens digit of 2362750?
5
What is the units digit of 518648?
8
What is the hundred thousands digit of 119883?
1
What is the ten thousands digit of 704305?
0
What is the ten thousands digit of 1060803?
6
What is the hundreds digit of 4096962?
9
What is the tens digit of 90525?
2
What is the millions digit of 6912248?
6
What is the millions digit of 1460984?
1
What is the ten thousands digit of 6046008?
4
What is the thousands digit of 1058983?
8
What is the ten thousands digit of 297693?
9
What is the ten thousands digit of 153325?
5
What is the hundreds digit of 17894034?
0
What is the units digit of 1359544?
4
What is the tens digit of 31364204?
0
What is the units digit of 183611?
1
What is the hundred thousands digit of 894932?
8
What is the ten thousands digit of 418779?
1
What is the ten thousands digit of 321536?
2
What